43a
In base 2, what is 100001110001110100 + -11?
100001110001110001
In base 9, what is 30366108 - 0?
30366108
In base 6, what is -5 - 1513124323?
-1513124332
In base 5, what is -10410413 + 1020?
-10404343
In base 6, what is -11554 + 110422?
54424
In base 14, what is -3 - 9384d70?
-9384d73
In base 13, what is 9978360 + 4?
9978364
In base 10, what is 36972651 - 1?
36972650
In base 2, what is 1010110101000001110011111 + -1?
1010110101000001110011110
In base 4, what is 1011121 + 313220?
1331001
In base 15, what is -bc + -15e1?
-16ad
In base 11, what is 13 + -334793?
-334780
In base 7, what is 1256 + 31611?
33200
In base 15, what is 41 - -a1551c?
a1555d
In base 7, what is 5 - -2453332?
2453340
In base 13, what is -57274c - -103?
-572649
In base 13, what is -13733 + -2c?
-13762
In base 4, what is 121 - -1202212101?
1202212222
In base 4, what is -20220001 + 112222?
-20101113
In base 6, what is -330022 - -321?
-325301
In base 11, what is 33a154 - 16?
33a139
In base 16, what is -166e3d0 + 4?
-166e3cc
In base 8, what is -14455 - 4224?
-20701
In base 15, what is -5e8bb1 - -d?
-5e8ba3
In base 7, what is 12431263 - -2?
12431265
In base 12, what is -3168470 + -3?
-3168473
In base 12, what is -2b0321 + -6?
-2b0327
In base 10, what is 733708 - -265?
733973
In base 13, what is -1155658 - 1?
-1155659
In base 4, what is -11 - 3221303211032?
-3221303211103
In base 3, what is -101001121022 - 2200?
-101001200222
In base 16, what is 48fc61 + 8?
48fc69
In base 7, what is -62204355 - -3?
-62204352
In base 2, what is 1001101100011100011100100 + 1?
1001101100011100011100101
In base 12, what is -2 - -763806?
763804
In base 9, what is 12881015 + 3?
12881018
In base 8, what is 1232573 + -2051?
1230522
In base 8, what is -211273 + 200?
-211073
In base 3, what is 10020000102212 - 111?
10020000102101
In base 3, what is 11 - 10011202210212000?
-10011202210211212
In base 8, what is -14 - -13245463?
13245447
In base 6, what is 1525115 - 2440?
1522235
In base 2, what is 11100 + 1000000000111111011101?
1000000000111111111001
In base 6, what is -32125 - 11354?
-43523
In base 8, what is 4 - -5153755?
5153761
In base 15, what is -17310 - -45e7?
-12c18
In base 6, what is -11053044040 + 1?
-11053044035
In base 11, what is 313 + -8475a3?
-847290
In base 12, what is 7 - 7234ba?
-7234b3
In base 16, what is af + -9349?
-929a
In base 2, what is -100 - 110000001000101011101001001?
-110000001000101011101001101
In base 10, what is 5067 - -4393?
9460
In base 12, what is 3a26 + 68700?
70526
In base 14, what is 6 + 3dc7cc9?
3dc7cd1
In base 6, what is 12125055 - 2?
12125053
In base 11, what is -1579780 + -9?
-1579789
In base 7, what is -606 - 225022?
-225631
In base 8, what is 5 - -3021235?
3021242
In base 11, what is -1003 - -5452?
444a
In base 14, what is -20 + 1ca10?
1c9d0
In base 4, what is 1032000 + -10213002?
-3121002
In base 2, what is -1101001111000 + 1100101000?
-1011101010000
In base 12, what is -168 + -3a215?
-3a381
In base 13, what is 10714 + -28?
106b9
In base 16, what is 312ab + -12?
31299
In base 5, what is 10 + 33423231?
33423241
In base 3, what is 1020222022110 - -1010?
1020222100120
In base 8, what is -3701343 - 515?
-3702060
In base 7, what is -4320256 - 315?
-4320604
In base 6, what is 114 + 5554432?
5554550
In base 5, what is -10 + 424311414?
424311404
In base 5, what is 2021044 - -40143?
2111242
In base 7, what is -25363 - 512325?
-541021
In base 2, what is 1110001 - 110011100100?
-110001110011
In base 4, what is 10100102201010 - -10?
10100102201020
In base 10, what is -1 - -73611948?
73611947
In base 8, what is -62625 + 140?
-62465
In base 6, what is 1215 - 423100?
-421441
In base 16, what is 224eec + b3?
224f9f
In base 4, what is -13203 + 3223122202?
3223102333
In base 6, what is -133512323 + -4?
-133512331
In base 16, what is -75fa6 + -e?
-75fb4
In base 7, what is -6563514 - -2?
-6563512
In base 9, what is 14677036 - -8?
14677045
In base 16, what is 0 - -d6932?
d6932
In base 4, what is 30213010033 - -2020?
30213012113
In base 3, what is -1100 + -2101221102120222?
-2101221102122022
In base 15, what is -22ae98 - 2?
-22ae9a
In base 7, what is 301346 + -6301?
262045
In base 8, what is 21075630 - -1?
21075631
In base 6, what is -1435330 - 1330?
-1441100
In base 6, what is 331 + -34241351?
-34241020
In base 15, what is 21 + -3cce4?
-3ccc3
In base 2, what is 1101 - -11010101001100100100?
11010101001100110001
In base 4, what is -3 + 1130322202?
1130322133
In base 8, what is 4 - 245745713?
-245745707
In base 3, what is -12 - 11102222212102211?
-11102222212110000
In base 9, what is 155 + 282523?
282678
In base 6, what is -423120 - -1530?
-421150
In base 8, what is -510513 + 126?
-510365
In base 16, what is 7 - -3c5261?
3c5268
In base 6, what is -2 - -2404105103?
2404105101
In base 8, what is -13717231 - -16?
-13717213
In base 6, what is 5400 + 12510055?
12515455
In base 13, what is -4 - 68396a?
-683971
In base 9, what is 1 + 254838463?
254838464
In base 9, what is -376738 + 50?
-376678
In base 16, what is -d3 - a9173?
-a9246
In base 3, what is -2000 + 1110212200102?
1110212121102
In base 10, what is 13184019 - 1?
13184018
In base 2, what is -1110010011101111000010100011 - 101?
-1110010011101111000010101000
In base 10, what is -80 + 158834?
158754
In base 10, what is 33206 + -703?
32503
In base 14, what is 1c - 83a7a4?
-83a786
In base 14, what is -18dd6 - 26?
-1901c
In base 16, what is 72d9 - 3228?
40b1
In base 3, what is 11000210102 + -12212?
11000120120
In base 13, what is c6 - 196bb?
-195c5
In base 5, what is -2031233 + 20012?
-2011221
In base 10, what is 1603 + 4387?
5990
In base 15, what is -9 - -63036a?
630361
In base 7, what is -534333 - 42?
-534405
In base 10, what is -143 - 2469443?
-2469586
In base 9, what is -2806 - -27837?
25031
In base 5, what is 1312040 - -2220?
1314310
In base 9, what is 1271 + -57766?
-56485
In base 3, what is 12 + -12000202022001012?
-12000202022001000
In base 14, what is 64b3 + 717a?
d64d
In base 9, what is 5712 - 28150?
-22337
In base 5, what is 4010340 + 2231?
4013121
In base 12, what is -4 + 1991770?
1991768
In base 15, what is e4b062 - -a?
e4b06c
In base 16, what is -3e79 - 1337?
-51b0
In base 11, what is 4a01301 - 5?
4a012a7
In base 9, what is 6 + -2221818?
-2221812
In base 11, what is 419247 - 8?
41923a
In base 2, what is 100011101111111010110 + -10?
100011101111111010100
In base 6, what is -310253152 - 4?
-310253200
In base 11, what is 9063695 + -7?
9063689
In base 12, what is 41134 - -14?
41148
In base 12, what is 4409 + 77a?
4b87
In base 9, what is 820 - 18571?
-17651
In base 2, what is -1101 - -111011001111010101101?
111011001111010100000
In base 6, what is -1502325304 - 43?
-1502325351
In base 7, what is -26 + -10050042?
-10050101
In base 12, what is -1b1 - -89970?
8977b
In base 13, what is 195b + -54b2?
-3854
In base 13, what is -7 - 31a832?
-31a839
In base 5, what is 2421413142 - -2?
2421413144
In base 14, what is c - 1abbb93?
-1abbb85
In base 10, what is -5 - -90348372?
90348367
In base 16, what is 27 + bdae7?
bdb0e
In base 3, what is 212 - -10021102020022121?
10021102020100110
In base 15, what is 4c745e + -d?
4c7451
In base 6, what is -2031023 - -110421?
-1520202
In base 6, what is -125504 + 15123?
-110341
In base 11, what is 4 - -555a9820?
555a9824
In base 3, what is -110012012010220 - 100?
-110012012011020
In base 7, what is 1026546 + -21?
1026525
In base 6, what is 30235 + 243420?
314055
In base 14, what is 25 - -22772?
22797
In base 5, what is -31044103411 + 0?
-31044103411
In base 10, what is -63801 - -16312?
-47489
In base 10, what is 4455 - 11528?
-7073
In base 3, what is -1111221110 + 1020210?
-1110200200
In base 10, what is -460579931 + 3?
-460579928
In base 7, what is -31433 - -416?
-31014
In base 15, what is -37c15 + -30c?
-38022
In base 4, what is 13311 - -120103212?
120123123
In base 10, what is 589121 + 208?
589329
In base 7, what is 26404 + 356104?
415511
In base 12, what is -13885 + 1511?
-12374
In base 2, what is 10001101 - 100110011001100010100?
-100110011001010000111
In base 8, what is 300414 - 622?
277572
In base 2, what is 1001 - 111101010110001100011?
-111101010110001011010
In base 8, what is 40 - 2173601?
-2173541
In base 16, what is -c - -102c50?
102c44
In base 16, what is -26a016 + 6?
-26a010
In base 16, 